859
What is the remainder when 22412 is divided by 8?
4
Calculate the remainder when 1033 is divided by 201.
28
What is the remainder when 363219 is divided by 121073?
0
Calculate the remainder when 23370 is divided by 1229.
19
Calculate the remainder when 245796 is divided by 163.
155
What is the remainder when 112858 is divided by 495?
493
What is the remainder when 35356 is divided by 11770?
46
Calculate the remainder when 2468 is divided by 146.
132
Calculate the remainder when 1297 is divided by 538.
221
What is the remainder when 6959 is divided by 302?
13
What is the remainder when 3318 is divided by 696?
534
Calculate the remainder when 4509 is divided by 358.
213
What is the remainder when 8262 is divided by 484?
34
Calculate the remainder when 27683 is divided by 6903.
71
What is the remainder when 2360 is divided by 2085?
275
Calculate the remainder when 4198 is divided by 594.
40
What is the remainder when 77180 is divided by 19289?
24
What is the remainder when 13483 is divided by 1391?
964
Calculate the remainder when 25155 is divided by 161.
39
Calculate the remainder when 5166479 is divided by 66.
65
What is the remainder when 11926 is divided by 1782?
1234
Calculate the remainder when 11371 is divided by 142.
11
What is the remainder when 66630 is divided by 1513?
58
What is the remainder when 804059 is divided by 10?
9
What is the remainder when 244614 is divided by 241?
240
What is the remainder when 62278 is divided by 15549?
82
Calculate the remainder when 3214 is divided by 1519.
176
Calculate the remainder when 32039 is divided by 657.
503
Calculate the remainder when 3002399 is divided by 675.
674
What is the remainder when 1786 is divided by 20?
6
What is the remainder when 21727 is divided by 5272?
639
Calculate the remainder when 210950 is divided by 35158.
2
Calculate the remainder when 355597 is divided by 157.
149
Calculate the remainder when 1262 is divided by 628.
6
Calculate the remainder when 2348 is divided by 378.
80
What is the remainder when 11229 is divided by 8?
5
What is the remainder when 740274 is divided by 127?
118
What is the remainder when 2722 is divided by 1503?
1219
Calculate the remainder when 3122 is divided by 751.
118
Calculate the remainder when 13968 is divided by 666.
648
What is the remainder when 2159 is divided by 670?
149
What is the remainder when 2990 is divided by 70?
50
Calculate the remainder when 163291 is divided by 1794.
37
What is the remainder when 43694 is divided by 14426?
416
What is the remainder when 4323 is divided by 4313?
10
Calculate the remainder when 177937 is divided by 20.
17
Calculate the remainder when 2040 is divided by 1984.
56
Calculate the remainder when 4667 is divided by 353.
78
Calculate the remainder when 2288984 is divided by 98.
96
What is the remainder when 860 is divided by 415?
30
Calculate the remainder when 10948 is divided by 182.
28
What is the remainder when 139389 is divided by 128?
125
Calculate the remainder when 136523 is divided by 26.
23
Calculate the remainder when 81528 is divided by 324.
204
What is the remainder when 24592 is divided by 57?
25
What is the remainder when 353926 is divided by 58986?
10
Calculate the remainder when 14981 is divided by 1248.
5
What is the remainder when 46529 is divided by 4?
1
What is the remainder when 188878 is divided by 47218?
6
Calculate the remainder when 28862 is divided by 102.
98
What is the remainder when 104359 is divided by 96?
7
What is the remainder when 18799 is divided by 235?
234
What is the remainder when 2101 is divided by 76?
49
What is the remainder when 1678377 is divided by 30?
27
Calculate the remainder when 182999 is divided by 22873.
15
What is the remainder when 2207532 is divided by 15?
12
What is the remainder when 1035 is divided by 66?
45
What is the remainder when 1143867 is divided by 13?
10
Calculate the remainder when 156794 is divided by 1568.
1562
What is the remainder when 92906 is divided by 237?
2
Calculate the remainder when 38740 is divided by 45.
40
What is the remainder when 32010 is divided by 95?
90
Calculate the remainder when 1504 is divided by 169.
152
What is the remainder when 2923 is divided by 893?
244
What is the remainder when 62319 is divided by 196?
187
What is the remainder when 101800 is divided by 2036?
0
Calculate the remainder when 76075 is divided by 133.
132
What is the remainder when 117927 is divided by 8?
7
What is the remainder when 367189 is divided by 158?
155
What is the remainder when 47595 is divided by 140?
135
Calculate the remainder when 4235 is divided by 157.
153
Calculate the remainder when 3206 is divided by 532.
14
What is the remainder when 178662 is divided by 7444?
6
Calculate the remainder when 1537 is divided by 285.
112
Calculate the remainder when 88905 is divided by 8889.
15
What is the remainder when 2088 is divided by 527?
507
Calculate the remainder when 13957 is divided by 191.
14
What is the remainder when 10416 is divided by 100?
16
What is the remainder when 11786546 is divided by 236?
234
Calculate the remainder when 16071 is divided by 8022.
27
What is the remainder when 2911 is divided by 724?
15
What is the remainder when 13962 is divided by 701?
643
Calculate the remainder when 13597 is divided by 4531.
4
What is the remainder when 52425 is divided by 435?
225
What is the remainder when 4699 is divided by 657?
100
What is the remainder when 172317 is divided by 373?
364
What is the remainder when 1096787 is divided by 154?
153
What is the remainder when 878115 is divided by 40?
35
Calculate the remainder when 1588780 is divided by 6.
4
Calculate the remainder when 2230 is divided by 37.
10
Calculate the remainder when 441 is divided by 26.
25
Calculate the remainder when 11145 is divided by 2213.
80
Calculate the remainder when 21972 is divided by 60.
12
What is the remainder when 2608 is divided by 444?
388
Calculate the remainder when 14256 is divided by 216.
0
Calculate the remainder when 3680963 is divided by 9.
8
Calculate the remainder when 156677 is divided by 241.
27
Calculate the remainder when 370686 is divided by 92671.
2
Calculate the remainder when 4122 is divided by 117.
27
What is the remainder when 7082 is divided by 100?
82
Calculate the remainder when 94022 is divided by 31337.
11
What is the remainder when 18495 is divided by 156?
87
What is the remainder when 22656 is divided by 21?
18
What is the remainder when 28322 is divided by 4045?
7
Calculate the remainder when 404 is divided by 390.
14
Calculate the remainder when 416884 is divided by 59.
49
Calculate the remainder when 90648 is divided by 41.
38
What is the remainder when 632 is divided by 367?
265
What is the remainder when 16599 is divided by 407?
319
What is the remainder when 95970 is divided by 51?
39
Calculate the remainder when 2134 is divided by 530.
14
Calculate the remainder when 578 is divided by 305.
273
Calculate the remainder when 789 is divided by 393.
3
Calculate the remainder when 9346 is divided by 1315.
141
Calculate the remainder when 2400 is divided by 591.
36
What is the remainder when 2174 is divided by 535?
34
What is the remainder when 4009 is divided by 2550?
1459
What is the remainder when 2054 is divided by 70?
24
What is the remainder when 1880 is divided by 340?
180
What is the remainder when 1929 is divided by 475?
29
What is the remainder when 796384 is divided by 1334?
1320
Calculate the remainder when 58423 is divided by 96.
55
Calculate the remainder when 22089 is divided by 17.
6
What is the remainder when 22918 is divided by 953?
46
Calculate the remainder when 79617 is divided by 1154.
1145
What is the remainder when 2812 is divided by 92?
52
What is the remainder when 5547 is divided by 73?
72
Calculate the remainder when 314853 is divided by 72.
69
Calculate the remainder when 57316 is divided by 39.
25
What is the remainder when 18169 is divided by 4542?
1
Calculate the remainder when 464 is divided by 186.
92
What is the remainder when 11909 is divided by 26?
1
What is the remainder when 342777 is divided by 145?
142
Calculate the remainder when 8312 is divided by 892.
284
What is the remainder when 14651 is divided by 543?
533
Calculate the remainder when 6645 is divided by 8.